e highest common divisor of 1428 and 38471748.
1428
What is the highest common factor of 657 and 243117?
9
What is the greatest common divisor of 24726 and 606398?
26
What is the highest common divisor of 4624 and 21212600?
2312
Calculate the greatest common divisor of 5632 and 471526.
22
Calculate the highest common factor of 3521625 and 300.
75
What is the highest common factor of 73186 and 4876?
46
What is the highest common divisor of 752 and 53637904?
752
Calculate the greatest common factor of 167420 and 3291420.
220
What is the greatest common factor of 192420663 and 1114?
557
Calculate the highest common factor of 2750 and 2151250.
250
Calculate the highest common factor of 260 and 5919784.
52
Calculate the highest common factor of 105621924 and 36.
12
Calculate the greatest common factor of 5 and 292199920.
5
Calculate the greatest common factor of 11644110 and 6030.
90
What is the highest common factor of 35 and 21947107?
7
Calculate the highest common factor of 480 and 2047468.
4
Calculate the highest common factor of 97 and 16920971.
97
What is the greatest common divisor of 22160 and 602120?
40
Calculate the greatest common divisor of 19520010 and 27.
9
Calculate the greatest common divisor of 68 and 861619483.
17
What is the greatest common divisor of 164 and 9712039?
41
Calculate the highest common divisor of 9044 and 362740.
28
What is the greatest common divisor of 305311808 and 17856?
1984
What is the highest common factor of 105 and 962045?
35
What is the highest common factor of 7510376 and 632?
8
Calculate the greatest common divisor of 754 and 199781.
29
What is the highest common factor of 1771987 and 512001?
2107
What is the greatest common divisor of 109413 and 1116?
9
What is the highest common factor of 8697584 and 3160?
632
Calculate the greatest common factor of 578 and 1345346.
34
Calculate the greatest common factor of 13250 and 815600.
50
What is the highest common factor of 5135 and 115405?
5
What is the greatest common factor of 6407804 and 78?
26
Calculate the greatest common factor of 227965 and 313690.
635
Calculate the greatest common factor of 64 and 68563376.
16
Calculate the highest common divisor of 49760 and 501760.
160
What is the highest common factor of 123 and 51503257?
41
What is the greatest common factor of 1088 and 604912?
16
Calculate the highest common divisor of 528 and 592264266.
66
What is the greatest common divisor of 5967 and 144146808?
1989
Calculate the greatest common divisor of 1625 and 70588960.
65
Calculate the highest common divisor of 1846 and 30400851.
923
What is the greatest common divisor of 80 and 79457530?
10
Calculate the highest common factor of 1071879690 and 7.
7
Calculate the highest common factor of 22 and 73543580.
22
What is the greatest common divisor of 3692707 and 2337?
19
Calculate the highest common factor of 77250890 and 5.
5
Calculate the highest common divisor of 600 and 8907900.
300
What is the highest common divisor of 135 and 3248397?
27
Calculate the greatest common divisor of 54714340 and 4.
4
Calculate the highest common divisor of 13 and 139190.
1
What is the highest common divisor of 263398 and 394060?
2074
Calculate the highest common factor of 33 and 47130501.
33
What is the greatest common divisor of 119349 and 9441?
9
What is the highest common divisor of 1171145 and 497?
71
Calculate the highest common factor of 123768 and 1926.
18
What is the greatest common factor of 1612 and 4951258?
806
Calculate the greatest common divisor of 41529 and 199470.
327
What is the highest common factor of 8190 and 638190?
630
What is the highest common divisor of 1223073 and 44523?
2619
Calculate the highest common factor of 8348470 and 3445.
65
What is the highest common factor of 327 and 34776123?
327
Calculate the highest common factor of 1394082963 and 819.
819
What is the highest common divisor of 684 and 81288612?
684
Calculate the greatest common divisor of 462 and 779240.
154
Calculate the greatest common divisor of 78273 and 187551.
117
Calculate the highest common factor of 3089794 and 9964.
106
Calculate the greatest common divisor of 1867941 and 36693.
243
What is the greatest common divisor of 5109 and 8400015?
39
Calculate the greatest common factor of 19646 and 495748.
418
Calculate the highest common factor of 4151 and 122338272.
4151
Calculate the highest common divisor of 9461039 and 427.
427
Calculate the highest common divisor of 1064 and 1021888.
56
Calculate the highest common divisor of 3786523 and 2067.
13
What is the greatest common factor of 4926152 and 242?
242
What is the highest common factor of 22008 and 2131752?
168
Calculate the greatest common divisor of 782 and 20122033.
391
Calculate the greatest common divisor of 1460 and 4064056.
292
What is the greatest common factor of 53892215 and 5?
5
What is the greatest common factor of 2193 and 69531?
129
What is the highest common divisor of 1987063 and 624?
13
Calculate the highest common factor of 9088778 and 850.
34
Calculate the highest common factor of 430 and 177447455.
215
What is the highest common factor of 225700 and 15497450?
1850
What is the highest common factor of 18139 and 34?
17
Calculate the greatest common divisor of 47256 and 2632911.
537
Calculate the greatest common factor of 2582303786 and 4274.
4274
What is the greatest common factor of 139908 and 7660356?
1572
Calculate the greatest common divisor of 1532115 and 84825.
585
What is the greatest common factor of 7652505 and 75?
15
What is the highest common factor of 43176 and 1373922?
1542
Calculate the highest common divisor of 18176 and 956654.
142
Calculate the highest common factor of 39232992 and 672.
96
Calculate the highest common factor of 816 and 3904662.
102
What is the greatest common divisor of 114132262 and 46621?
2027
Calculate the highest common divisor of 465 and 10695660.
15
What is the highest common factor of 20224974 and 726?
66
What is the highest common factor of 40167 and 516456?
9
Calculate the greatest common divisor of 180638 and 120758.
998
Calculate the greatest common divisor of 6798114 and 5994.
54
Calculate the greatest common divisor of 1241604 and 123933.
1137
Calculate the greatest common divisor of 168412 and 14484.
284
What is the greatest common factor of 261234520 and 191?
191
What is the highest common divisor of 28419 and 375?
3
Calculate the highest common factor of 617490 and 218430.
270
Calculate the highest common factor of 45977379 and 9.
3
Calculate the greatest common divisor of 427917599 and 5129.
5129
What is the highest common divisor of 4086 and 8607?
3
Calculate the greatest common factor of 51 and 1701069963.
51
Calculate the highest common factor of 721890 and 361562.
1234
Calculate the greatest common factor of 16512 and 52780032.
384
What is the highest common factor of 3765407 and 16755?
1117
What is the greatest common factor of 49308 and 40?
4
What is the greatest common divisor of 64790 and 297220?
110
Calculate the highest common divisor of 78252 and 672.
12
Calculate the highest common factor of 20282359 and 314.
157
What is the greatest common factor of 8721 and 2461906?
323
What is the highest common factor of 2179269 and 8667?
963
Calculate the greatest common factor of 55419 and 56985.
87
Calculate the highest common divisor of 74 and 530853060.
74
Calculate the highest common divisor of 32201320 and 40.
40
Calculate the greatest common factor of 120226662 and 2822.
166
What is the highest common factor of 100 and 6041650?
50
What is the greatest common divisor of 45890943 and 1736?
217
What is the highest common factor of 3716655 and 76200?
1905
Calculate the greatest common factor of 45 and 1103409.
9
What is the greatest common divisor of 3816619 and 272?
17
What is the greatest common factor of 929942 and 377?
13
Calculate the highest common factor of 403446632 and 2018.
2018
Calculate the greatest common factor of 186 and 83893068.
186
What is the highest common divisor of 26117 and 9919?
91
Calculate the highest common divisor of 33368016 and 192.
48
Calculate the highest common divisor of 632625 and 13496.
1687
Calculate the greatest common divisor of 94944 and 191544.
552
What is the highest common factor of 38341 and 1083139?
23
Ca